7
Let k be (-3 + -2 + -1)*203/(-2). Let f(i) = -159*i + 166. Let t be f(1). Calculate the highest common divisor of k and t.
7
Suppose -2*n - i = -112 - 311, -2*n + 429 = 3*i. Calculate the highest common factor of 56 and n.
14
Suppose s - 2*i = -4*i + 46, 0 = -s + 5*i + 32. Suppose -2*x - 318 = -3*a, 140*x = 5*a + 141*x - 569. What is the highest common factor of a and s?
14
Suppose 67*v - 594 = 76*v. Let p = 29 - v. What is the greatest common divisor of 114 and p?
19
Let u(p) = -41*p - 5398. Let n be u(-132). Calculate the greatest common factor of n and 56.
14
Let j = 172 + -48. Suppose -2*c + 54 = -2*s, 143*c = 139*c - s + 128. What is the highest common factor of j and c?
31
Suppose 62*a - 17796 = 18743 - 3679. Calculate the highest common divisor of a and 2438.
106
Suppose g = 5*r + 30, r - 2 = -7. Suppose g*h - 2*c - c - 1280 = 0, -4*c - 768 = -3*h. What is the greatest common factor of 96 and h?
32
Suppose -b + 36 = -0. Let m be (-7)/(-21)*b/(-3) - -103. What is the highest common divisor of m and 9?
9
Suppose -26*d = 28*d - 5525 + 1421. What is the highest common factor of 3572 and d?
76
Let y be (44268/310)/((-7)/((-105)/2)). What is the greatest common factor of y and 9?
9
Let k = 18177 - 9082. Calculate the greatest common factor of 214 and k.
107
Let j = 7041 + -7007. Calculate the highest common divisor of 3009 and j.
17
Let w = 916 + -678. Suppose -5*u - 2*h = -486, 6*u - 2*u - 388 = -2*h. Suppose -12*j + u = -w. What is the highest common factor of 7 and j?
7
Let i = 14 + -9. Suppose -o + i = 1. Suppose -2*y = 3*d - 1095, -o*y = 4*d + 619 - 2083. What is the greatest common factor of 33 and d?
33
Let a be 103 + (5 - 378/21). Calculate the greatest common divisor of a and 2445.
15
Suppose -9*h = 36 - 54. Suppose 326 = h*l + 4*p, 824 = 4*l + l + p. What is the highest common factor of 22 and l?
11
Suppose 36*o - 48 = 32*o. Suppose o*c - 17*c + 105 = 0. Let a be 38/(c/9 - 1/3). Calculate the greatest common factor of a and 95.
19
Suppose 1271 = 16*n - 1289. Suppose -5*i - 5*m = -220, 2*m - 140 = -3*i - 3*m. What is the highest common factor of n and i?
40
Let f(i) = i**2 + 7. Let z be f(-5). Let p be (-57 + 1)/(-22 + (-516)/(-24)). Calculate the highest common factor of p and z.
16
Suppose 5*r - 2055 = 7849*s - 7854*s, -2*r = 4*s - 832. Suppose 8*m - 3*m + 5*n = 60, 4*m = 2*n + 60. Calculate the highest common divisor of r and m.
14
Let r = -35179 - -35611. Calculate the greatest common divisor of r and 114.
6
Let v be 374/(-17) - 44268/(-21). What is the greatest common factor of 28 and v?
14
Suppose 3*f = -f - 4*g + 104, -10 = -5*g. Suppose 3*s - 400 = 2*a, 8*a - 6*a = -4*s + 524. Calculate the greatest common divisor of s and f.
12
Suppose 4*i - 24 = -2*x, 0 = 3*x - 4*i + 4 + 10. Suppose x*w + 0*w - 128 = 0. Let u be 0/(-25) + -1 + 17. What is the greatest common divisor of w and u?
16
Let l be ((-4626)/(-30) - -3)/((-2)/10). Let z be -18 + 12 - l/2. Calculate the greatest common factor of z and 9.
9
Let t = 5196 + -4706. What is the greatest common divisor of 1176 and t?
98
Suppose -j + 132 = 2*h, -11*j + h = -8*j - 389. Let n be (2 - 4/(-4))/(30/j). Calculate the greatest common factor of 377 and n.
13
Let l be (11 - 5/1) + 158. Let j = l + -122. What is the highest common factor of j and 56?
14
Suppose r + 0 + 18 = 0. Let s(v) = -v**2 - 18*v + 9. Let p be s(r). Let x(a) = 6*a + 27. Let d be x(p). What is the highest common factor of d and 18?
9
Suppose 0 = 46*u - 582 + 444. Suppose 2*a = -0*a. Suppose l - 99 = m, -5*m = -a*l - u*l + 303. Calculate the highest common divisor of 6 and l.
6
Suppose 127*i = 61*i + 59*i + 2142. Calculate the highest common divisor of i and 66.
6
Let o(y) = 10*y**2 + 3*y - 71. Let a be o(-17). Calculate the greatest common divisor of 64 and a.
16
Suppose -g = -3*k + 222, -3*g - 13 = -4. Suppose -v + 0*n + 4*n = 4, 3*v = -5*n + k. Calculate the highest common divisor of v and 2.
2
Let u(b) = -b**3 - 3*b**2 + 1. Let t be u(-3). Let m be 58 + (2 + 0)*t. Let w = -19583 + 19613. Calculate the greatest common factor of m and w.
30
Let l = -40301 + 40345. Let b be (22/(-5))/((-2)/10). What is the greatest common factor of l and b?
22
Let h be 2/13 - (-6220)/130. Let j = 29 - h. Let g = j + 33. What is the greatest common divisor of g and 112?
14
Let n(g) = 0*g**2 - 3 - g**2 + 22*g - 6. Let z be n(21). Calculate the highest common factor of z and 948.
12
Let g = -1382 + 1383. What is the greatest common divisor of g and 886?
1
Let h = 48 + -46. Suppose 4 = 4*i + p - 0*p, h = -5*i - 3*p. Suppose -3*q + 146 = 4*j, 3*j = i*q - 3*q + 112. Calculate the highest common factor of j and 38.
38
Let i = 10550 + -10522. Calculate the highest common divisor of i and 1645.
7
Let r be (-28)/(-7) - 6 - (-44)/1. What is the greatest common divisor of r and 672?
42
Suppose -3*j - a - 13 = 3*a, 0 = -3*j + a + 7. Let q be j - ((-336)/13 - 2/13). What is the highest common divisor of q and 54?
27
Suppose 28*l - 420 = 14*l. Suppose -3*d + 396 + 114 = 0. Calculate the highest common factor of l and d.
10
Suppose 2*q - 6 = -g + 9, -3*q + 80 = 4*g. Suppose -n + 74 = -3*x, -g*x = -5*n - 18*x + 320. Calculate the highest common divisor of 59 and n.
59
Let o be (-9474)/42 - 4/(-7). Let l = o - -246. What is the highest common divisor of l and 42?
21
Let g(x) be the second derivative of x**3 + 7*x**2 + 29*x. Let t be g(3). Calculate the highest common divisor of t and 160.
32
Let h = -1756 + 2592. Suppose 3*n - 14*n = -h. Let i = n + -31. What is the greatest common factor of 10 and i?
5
Let f be (40 + 3146/(-78))/((-2)/18). Calculate the greatest common factor of f and 3711.
3
Suppose v - 9364 = -5*i, 3*v - 4*i = 4379 + 23789. Calculate the highest common divisor of 184 and v.
184
Suppose 4*z - 845 - 91 = 0. Let s = 961 + -922. Calculate the highest common divisor of s and z.
39
Let m be 99/110*25*(-288)/(-15). What is the highest common divisor of 6768 and m?
144
Let y be (-4455)/22*(48/9)/(-1). Calculate the highest common divisor of 855 and y.
45
Let v = 2 - 2. Let n be 10/(-12) + 525/90. Suppose v*l = n*l - 1035. What is the highest common divisor of l and 23?
23
Let o be (390/13)/(-2) + 17494. What is the greatest common divisor of 22 and o?
11
Suppose -12756 - 4716 = -6*t. Suppose 5*a - t = -9*a. What is the greatest common divisor of a and 16?
16
Let m be 21*(-903)/(-588) + (0 - 3/(-4)). What is the highest common factor of m and 7040?
11
Let g(s) = -7*s - 51. Let w be g(-14). Suppose -4*v - 12 = -5*o, 0*o = 2*v - 4*o + 12. Calculate the greatest common divisor of w and v.
1
Let c(y) = y**3 + 7*y**2 + 2*y + 1. Let a be c(-6). Let v(l) = l**2 + 515*l + 26729. Let g be v(-56). What is the greatest common divisor of a and g?
25
Let r(w) = 36*w**2 + 6*w + 3. Let b be r(-1). Let l be ((2 - 0) + 1)*88/b. Calculate the highest common factor of 124 and l.
4
Suppose -27500 = -4316*h + 4306*h. Calculate the greatest common divisor of h and 22.
22
Let q be 0/((-2)/(-1)) + 728/26. Suppose -2*l + 40 = 3*v + q, -l - 3*v = 0. Let h be (-2)/(-4) - 191/(-2). Calculate the highest common divisor of l and h.
12
Let q(f) = f**2 - 13*f - 56. Suppose -647*u + 640*u + 119 = 0. Let p be q(u). Calculate the greatest common factor of 28 and p.
4
Suppose 12*o - 901 = -5*o. Let u(t) = -17*t + 129. Let b be u(-8). What is the greatest common divisor of o and b?
53
Suppose 4*r - 11 - 5 = 0. Suppose 141 = -u + r*u. Calculate the highest common factor of 188 and u.
47
Let h(y) = -y**2 - 13*y + 16. Let r be h(-14). Suppose -r*k = i - 82, -i - 4*k - 23 = -105. Let j = -12 + i. What is the greatest common factor of 28 and j?
14
Suppose 4*u - 3*l - 29 = 0, 5*u = -7*l - 18 - 21. Calculate the greatest common factor of u and 2518.
2
Let v(c) be the second derivative of c**5/20 + c**3/6 - 7*c**2/2 - 33*c. Let t be v(-6). Let n = t + 463. What is the greatest common divisor of 26 and n?
26
Let p = 21533 + -17028. What is the highest common divisor of 5 and p?
5
Let z = 159 - 551. Let i = 590 + z. Suppose -5*r = -5*x - 265, -5*r - 4*x + i = -40. What is the greatest common divisor of 25 and r?
25
Suppose 605 = -20*g - 2395. Let v = -113 - g. What is the greatest common divisor of 296 and v?
37
Let w(s) = -54*s**2 - 3*s - 56*s**2 + 159*s**2 + 7 - 47*s**2. Let 